o base 14
1481
What is 1201102211 (base 3) in base 16?
843d
Convert -2a7 (base 14) to base 5.
-4124
-12 (base 9) to base 12
-b
Convert 100 (base 3) to base 2.
1001
Convert 2f60 (base 16) to base 11.
9126
-1347 (base 14) to base 6
-23415
-1850 (base 9) to base 2
-10110001110
What is 11100011 (base 3) in base 9?
4304
What is 110000110 (base 2) in base 5?
3030
144436 (base 8) to base 10
51486
-111400 (base 5) to base 8
-7607
-1303131 (base 4) to base 15
-22c9
-2366 (base 12) to base 11
-2a86
What is 135 (base 14) in base 3?
100000
What is -603c (base 15) in base 5?
-1122212
What is 4273 (base 13) in base 6?
110404
Convert -3c (base 13) to base 4.
-303
-4012434 (base 5) to base 7
-353054
What is -21012111 (base 3) in base 6?
-40151
Convert -1616 (base 10) to base 9.
-2185
100010111101 (base 2) to base 6
14205
646 (base 13) to base 10
1072
-4450 (base 6) to base 16
-40e
What is efeb (base 16) in base 6?
1152203
What is -4d3 (base 15) in base 6?
-5030
What is a75 (base 15) in base 11?
1856
What is -1010010100011 (base 2) in base 10?
-5283
What is ca (base 13) in base 3?
20011
What is -10000010001010100 (base 2) in base 9?
-111368
Convert 40023 (base 6) to base 2.
1010001001111
5554 (base 13) to base 15
37d4
1b01 (base 14) to base 3
20201112
What is 23817 (base 10) in base 15?
70cc
Convert 312414 (base 5) to base 10.
10359
Convert -5320 (base 10) to base 3.
-21022001
Convert 11a (base 14) to base 2.
11011100
-221221222 (base 3) to base 5
-1101201
151 (base 16) to base 5
2322
Convert -3603 (base 9) to base 4.
-221310
Convert -bd8 (base 15) to base 8.
-5166
What is -2905 (base 13) in base 6?
-43224
What is 11310 (base 4) in base 7?
1041
102 (base 9) to base 11
76
517 (base 14) to base 9
1332
Convert 12134 (base 6) to base 3.
2110011
1001100 (base 2) to base 6
204
What is 44024 (base 5) in base 16?
bc6
-1262 (base 9) to base 5
-12242
What is -735 (base 12) in base 14?
-54d
-3053 (base 13) to base 12
-3a2b
What is 51302 (base 6) in base 16?
1a96
What is 22b (base 14) in base 15?
1db
What is 120200120 (base 3) in base 13?
5289
-2c80 (base 16) to base 11
-8617
3000143 (base 5) to base 15
dd83
What is 194 (base 16) in base 14?
20c
-1110101011010 (base 2) to base 9
-11268
What is 10000 (base 4) in base 9?
314
10442 (base 6) to base 14
76a
412202 (base 5) to base 11
a0a7
-104 (base 15) to base 2
-11100101
Convert 16472 (base 12) to base 7.
161420
715 (base 16) to base 10
1813
Convert -1ca (base 16) to base 8.
-712
1332 (base 8) to base 14
3a2
What is 3a1 (base 11) in base 12?
336
What is 26 (base 14) in base 12?
2a
What is -1100002212 (base 3) in base 8?
-63321
What is 443243 (base 6) in base 8?
110253
What is -291 (base 12) in base 5?
-3042
-73a8 (base 13) to base 8
-37230
11010111010011 (base 2) to base 11
a397
Convert -101121 (base 3) to base 16.
-11e
Convert -fd2 (base 16) to base 4.
-333102
-328 (base 11) to base 16
-189
1100101101100001 (base 2) to base 5
3131230
1022313 (base 4) to base 9
6513
-590 (base 11) to base 8
-1300
What is -23430 (base 5) in base 7?
-5034
Convert 2410 (base 7) to base 5.
12024
Convert -3451 (base 6) to base 5.
-11243
Convert 2d (base 16) to base 9.
50
What is -3510 (base 12) in base 3?
-22010010
Convert -1243 (base 10) to base 16.
-4db
Convert -15636 (base 10) to base 7.
-63405
Convert 10101100100 (base 2) to base 9.
1803
What is 1264 (base 9) in base 5?
12244
-1101101 (base 2) to base 4
-1231
-71a (base 16) to base 4
-130122
Convert 100010010111 (base 2) to base 11.
171a
Convert 3635 (base 8) to base 12.
1165
What is 1501 (base 9) in base 3?
1120001
What is 630 (base 9) in base 15?
243
What is 21134 (base 5) in base 16?
58b
14b0 (base 13) to base 9
4121
What is 323110 (base 5) in base 8?
25426
Convert 1391 (base 14) to base 13.
1761
-22548 (base 9) to base 6
-153325
-32033 (base 5) to base 12
-12a7
What is db9 (base 14) in base 4?
222113
Convert 2425 (base 9) to base 15.
805
Convert -113131 (base 4) to base 13.
-8b6
What is 56448 (base 10) in base 15?
11ad3
-1664 (base 12) to base 5
-41133
Convert 22222000 (base 3) to base 6.
50130
Convert -8626 (base 10) to base 15.
-2851
What is -4de (base 15) in base 5?
-13414
804d (base 14) to base 12
108b1
-22335 (base 8) to base 9
-13845
Convert 1e0 (base 15) to base 10.
435
13332 (base 4) to base 15
240
-3412 (base 9) to base 8
-4732
Convert 861 (base 15) to base 16.
763
b066 (base 13) to base 16
5ebb
What is 61305 (base 8) in base 3?
1021200111
30b (base 16) to base 15
36e
What is -6b56 (base 13) in base 16?
-3b08
Convert -b8d (base 14) to base 4.
-203221
-372 (base 12) to base 6
-2222
Convert 922 (base 14) to base 5.
24134
Convert 3033300 (base 4) to base 6.
141320
Convert 2a6 (base 11) to base 12.
25a
200 (base 10) to base 9
242
What is 10873 (base 9) in base 5?
213100
Convert 6307 (base 14) to base 10.
17059
Convert -401240 (base 5) to base 6.
-134435
What is -19233 (base 15) in base 12?
-3b1b6
Convert 17392 (base 10) to base 4.
10033300
Convert -2110011 (base 3) to base 6.
-12134
5 (base 11) to base 12
5
-2b0e (base 16) to base 15
-33ec
Convert 13b9 (base 13) to base 16.
b28
-171b (base 15) to base 4
-1031300
Convert -14 (base 6) to base 8.
-12
What is 127 (base 16) in base 15?
14a
Convert 2108 (base 13) to base 12.
278b
Convert -11001001001110 (base 2) to base 11.
-9748
Convert -16423 (base 9) to base 6.
-124120
Convert -10111101000 (base 2) to base 11.
-1155
-a88 (base 12) to base 10
-1544
What is 10110111010 (base 2) in base 8?
2672
Convert 3504 (base 6) to base 2.
1101000000
Convert -101340 (base 5) to base 15.
-ed0
Convert 11122102202 (base 3) to base 16.
16532
What is 2103 (base 4) in base 14?
a7
-77563 (base 9) to base 2
-1100100100100100
-220333 (base 4) to base 15
-b9d
-a38 (base 11) to base 9
-1640
What is 50144 (base 7) in base 14?
4594
Convert c7 (base 15) to base 14.
d5
a238 (base 11) to base 16
3519
What is -121341 (base 7) in base 11?
-15697
What is 1112222 (base 3) in base 4?
101231
Convert 15f (base 16) to base 8.
537
What is -2066 (base 7) in base 6?
-3222
-1122210222 (base 3) to base 14
-bc97
Convert -a4ac (base 13) to base 16.
-5904
2725 (base 10) to base 12
16b1
Convert 2aa (base 11) to base 13.
21b
-202140 (base 5) to base 15
-1e15
372 (base 9) to base 14
180
What is 1203 (base 13) in base 14?
cd4
Convert 1b5a3 (base 15) to base 14.
24632
Convert -2200 (base 8) to base 7.
-3234
83 (base 16) to base 11
10a
What is 10110210 (base 4) in base 6?
213540
Convert -222122 (base 3) to base 9.
-878
What is 40242 (base 5) in base 6?
15524
1514 (base 6) to base 10
406
What is -6ca2 (base 13) in base 7?
-62505
-23243 (base 7) to base 3
-22011202
Convert -11 (base 5) to base 15.
-6
-301 (base 14) to base 2
-1001001101
Convert 10013321 (base 4) to base 6.
210105
Convert -b53 (base 13) to base 7.
-5422
100001 (base 3) to base 12
184
Convert -531 (base 7) to base 12.
-1a3
-1024021 (base 5) to base 14
-649c
2266 (base 10) to base 16
8da
136330 (base 7) to base 5
1314421
What is 3783 (base 15) in base 13?
54c6
What is 16822 (base 10) in base 7?
100021
Convert -2e9 (base 15) to base 4.
-22131
112133 (base 5) to base 11
3046
What is -4032 (base 10) in base 12?
-2400
Convert -6972 (base 10) to base 13.
-3234
Convert 72 (base 14) to base 10.
100
Convert 26a1 (base 15) to base 9.
12277
What is 11000110010010 (base 2) in base 16?
3192
-15233 (base 6) to base 2
-100110100101
Convert -1aa8 (base 12) to base 15.
-e9b
What is -323 (base 7) in base 9?
-202
71425 (base 8) to base 14
aa45
Convert 2519 (base 16) to base 9.
14022
What is 101564 (base 7) in base 12?
a115
-2822 (base 10) to base 3
-10212112
What is 320322 (base 4) in base 9?
4886
Convert -15830 (base 11) to base 15.
-6917
What is -15350 (base 6) in base 2?
-100111010010
16 (base 16) to base 13
19
2322 (base 6) to base 14
2b8
What is -1233312 (base 4) in base 13?
-3348
What is -66 (base 9) in base 7?
-114
Convert 37 (base 9) to base 12.
2a
Convert -277b (base 13) to base 14.
-20d9
1835 (base 14) to base 10
4359
What is 776 (base 8) in base 16?
1fe
Convert -12231 (base 4) to base 13.
-270
What is 6b9 (base 13) in base 8?
2216
Convert 13704 (base 10) to base 6.
143240
-110b (base 16) to base 10
-4363
What is -80 (base 12) in base 4?
-1200
Convert -11110010 (base 2) to base 16.
-f2
Convert 4114 (base 9) to base 4.
233002
-1630